{"id":1702,"date":"2025-08-05T12:21:38","date_gmt":"2025-08-05T12:21:38","guid":{"rendered":"https:\/\/kuna-sdg.de\/?page_id=1702"},"modified":"2026-03-01T21:44:27","modified_gmt":"2026-03-01T21:44:27","slug":"sofi","status":"publish","type":"page","link":"https:\/\/kuna-sdg.de\/?page_id=1702","title":{"rendered":"SOFI"},"content":{"rendered":"\n<figure class=\"wp-block-image size-large is-resized\"><img loading=\"lazy\" decoding=\"async\" width=\"1024\" height=\"214\" src=\"https:\/\/kuna-sdg.de\/wp-content\/uploads\/2025\/08\/DE-Kofinanziert-von-der-Europaeischen-Union_POS-Photoroom-1024x214.png\" alt=\"\" class=\"wp-image-1733\" style=\"width:382px;height:auto\" srcset=\"https:\/\/kuna-sdg.de\/wp-content\/uploads\/2025\/08\/DE-Kofinanziert-von-der-Europaeischen-Union_POS-Photoroom-1024x214.png 1024w, https:\/\/kuna-sdg.de\/wp-content\/uploads\/2025\/08\/DE-Kofinanziert-von-der-Europaeischen-Union_POS-Photoroom-300x63.png 300w, https:\/\/kuna-sdg.de\/wp-content\/uploads\/2025\/08\/DE-Kofinanziert-von-der-Europaeischen-Union_POS-Photoroom-768x161.png 768w, https:\/\/kuna-sdg.de\/wp-content\/uploads\/2025\/08\/DE-Kofinanziert-von-der-Europaeischen-Union_POS-Photoroom.png 1280w\" sizes=\"auto, (max-width: 1024px) 100vw, 1024px\" \/><\/figure>\n\n\n\n<div class=\"wp-block-media-text is-stacked-on-mobile\"><figure class=\"wp-block-media-text__media\"><img loading=\"lazy\" decoding=\"async\" width=\"1024\" height=\"723\" src=\"https:\/\/kuna-sdg.de\/wp-content\/uploads\/2025\/08\/LOGO-51-transparent-gross-1024x723.png\" alt=\"\" class=\"wp-image-1605 size-full\" srcset=\"https:\/\/kuna-sdg.de\/wp-content\/uploads\/2025\/08\/LOGO-51-transparent-gross-1024x723.png 1024w, https:\/\/kuna-sdg.de\/wp-content\/uploads\/2025\/08\/LOGO-51-transparent-gross-300x212.png 300w, https:\/\/kuna-sdg.de\/wp-content\/uploads\/2025\/08\/LOGO-51-transparent-gross-768x543.png 768w, https:\/\/kuna-sdg.de\/wp-content\/uploads\/2025\/08\/LOGO-51-transparent-gross.png 1080w\" sizes=\"auto, (max-width: 1024px) 100vw, 1024px\" \/><\/figure><div class=\"wp-block-media-text__content\">\n<p style=\"font-size:clamp(14px, 0.875rem + ((1vw - 3.2px) * 0.156), 16px);\">Das Projekt SOFI \u2013 Soziale Partnerschaft f\u00fcr Integration hat zum Ziel, die Teilhabe- und Integrationschancen von Frauen aus den L\u00e4ndern ausserhalb der EU\/EWR zu maximieren. Dabei bietet das Projekt eine konkrete Hilfestellung bei der Eingliederung in die Gesellschaft an, durch flankierende und speziell auf die Zielgruppe ausgerichtete Integrationsangebote. Der Fokus liegt dabei auf der\u00a0Potenzialf\u00f6rderung\u00a0und dem Empowerment durch zielgeleitete sozialp\u00e4dagogische Unterst\u00fctzung. Die individuellen\u00a0Potenziale\u00a0der Frauen sollen dabei weiterentwickelt und so ihre Selbstbestimmung gef\u00f6rdert werden.<\/p>\n<\/div><\/div>\n\n\n\n<p style=\"font-size:clamp(14px, 0.875rem + ((1vw - 3.2px) * 0.156), 16px);\">Die Zielgruppe des Projekts sind Frauen ab 18 Jahren, ohne EU-B\u00fcrgerschaft und mit Wohnsitz in S\u00fcdwestfalen und dem angrenzenden Rhein- und Ruhrgebiet.&nbsp;Der Zugang zu der Zielgruppe erfolgt direkt \u00fcber bereits bestehende Kontakte des Teams zu Vereinen, Gruppen etc. oder indirekt \u00fcber Institutionen wie dem Jobcenter, Kommunalen Integrationszentren (KI), dem Kommunalen Integrationsmanagement (KIM), den Integrationsbeauftragten und -r\u00e4ten, den Wohlfahrtsverb\u00e4nden etc.&nbsp;&nbsp;<\/p>\n\n\n\n<p style=\"font-size:clamp(14px, 0.875rem + ((1vw - 3.2px) * 0.156), 16px);\">Im ersten Schritt lernen die interessierten Frauen das Projekt kennen und werden in niederschwelligen Workshops durch Ehrenamtliche qualifiziert. Das Projektteam unterst\u00fctzt dabei, je nach Bedarf und individuell, professionell die Durchf\u00fchrung. Ziel dieser Workshops ist es, die eigenen Potenziale, wie k\u00fcnstlerische und kulturelle Fertigkeiten, zu identifizieren; ebenso sollen die Teilnehmerinnen empowert werden, individuelle Ziele und Wege zu definieren. In diesem Kontext kann auch Biographiearbeit oder Sprachf\u00f6rderung durchaus eine Rolle spielen.\u00a0\u00a0Im weiteren Verlauf des Projekts werden die Teilnehmerinnen dann in 3er-Teams eigene Workshops in sozialen Einrichtungen, wie in\u202fFl\u00fcchtlingsunterk\u00fcnften, in Altersheimen, im offenen Ganztag, in Familienzentren, bei Migrantenorganisationen und Vereinen, initiieren und durchf\u00fchren.\u202fZiel dabei ist die Weitergabe der individuellen F\u00e4higkeiten oder kultureller Inhalte. Je nach Bedarf werden sie dabei von den Fachkr\u00e4ften der sozialen Arbeit und der Kulturmanagerin des Teams professionell unterst\u00fctzt.\u00a0<\/p>\n\n\n\n<p style=\"font-size:clamp(14px, 0.875rem + ((1vw - 3.2px) * 0.156), 16px);\">Zum Ende des Projektes werden die Teilnehmerinnen zur Vereinslotsin \/ Multiplikatorin geschult. Inhalte dieser Qualifizierung sind u.a. das Kennenlernen des Vereinswesens in Deutschland, die Organisation und Durchf\u00fchrung von Veranstaltungen, der Einsatz digitaler Medien \/ \u00d6ffentlichkeitsarbeit sowie die Akquise neuer Vereinsmitglieder. Die Teilnehmerinnen sollen dadurch empowert werden, eigenst\u00e4ndig weitere interessierte Frauen aus ihrem eigenen Familien- und Bekanntenkreis zu akquirieren und zu motivieren, ebenfalls aktiv zu werden.\u00a0<\/p>\n\n\n\n<p style=\"font-size:clamp(14px, 0.875rem + ((1vw - 3.2px) * 0.156), 16px);\">Ein weiterer Nebeneffekt des Projekts ist, neben dem Kulturaustausch, die St\u00e4rkung eines Gemeinschaftsgef\u00fchls. Die Bereitstellung eines gesch\u00fctzten Raums soll dabei den Austausch \u00fcber Integrationsherausforderungen f\u00f6rdern, und ebenso die M\u00f6glichkeit schaffen, auch pers\u00f6nliche Geschichten teilen zu k\u00f6nnen. Die Erfahrung des kollektiven Lernens, die B\u00fcndelung von Ressourcen und Wissen, die Vermittlung von Ehrenamts- und Vereinsstrukturen als \u201eGate-keeper\u201c sollen den Dialog in der Gemeinschaft\/Gesellschaft ausbauen und f\u00f6rdern und damit nachhaltig die Rolle der Frauen in der Gemeinschaft st\u00e4rken.&nbsp;<\/p>\n\n\n\n<div class=\"wp-block-buttons is-content-justification-center is-layout-flex wp-container-core-buttons-is-layout-a89b3969 wp-block-buttons-is-layout-flex\">\n<div class=\"wp-block-button is-style-outline is-style-outline--1\"><a class=\"wp-block-button__link wp-element-button\" href=\"https:\/\/projektsofi.de\/\" target=\"_blank\" rel=\"noreferrer noopener\">Hier geht es zu Projektseite.<\/a><\/div>\n<\/div>\n\n\n\n<figure class=\"wp-block-gallery has-nested-images columns-default is-cropped wp-block-gallery-2 is-layout-flex wp-block-gallery-is-layout-flex\">\n<figure class=\"wp-block-image size-large\"><img loading=\"lazy\" decoding=\"async\" width=\"1024\" height=\"768\" data-id=\"1712\" src=\"https:\/\/kuna-sdg.de\/wp-content\/uploads\/2025\/08\/Medien-3-1024x768.jpg\" alt=\"\" class=\"wp-image-1712\" srcset=\"https:\/\/kuna-sdg.de\/wp-content\/uploads\/2025\/08\/Medien-3-1024x768.jpg 1024w, https:\/\/kuna-sdg.de\/wp-content\/uploads\/2025\/08\/Medien-3-300x225.jpg 300w, https:\/\/kuna-sdg.de\/wp-content\/uploads\/2025\/08\/Medien-3-768x576.jpg 768w, https:\/\/kuna-sdg.de\/wp-content\/uploads\/2025\/08\/Medien-3-1536x1152.jpg 1536w, https:\/\/kuna-sdg.de\/wp-content\/uploads\/2025\/08\/Medien-3.jpg 1600w\" sizes=\"auto, (max-width: 1024px) 100vw, 1024px\" \/><\/figure>\n\n\n\n<figure class=\"wp-block-image size-large\"><img loading=\"lazy\" decoding=\"async\" width=\"1024\" height=\"768\" data-id=\"1713\" src=\"https:\/\/kuna-sdg.de\/wp-content\/uploads\/2025\/08\/Medien-23-1-1024x768.jpg\" alt=\"\" class=\"wp-image-1713\" srcset=\"https:\/\/kuna-sdg.de\/wp-content\/uploads\/2025\/08\/Medien-23-1-1024x768.jpg 1024w, https:\/\/kuna-sdg.de\/wp-content\/uploads\/2025\/08\/Medien-23-1-300x225.jpg 300w, https:\/\/kuna-sdg.de\/wp-content\/uploads\/2025\/08\/Medien-23-1-768x576.jpg 768w, https:\/\/kuna-sdg.de\/wp-content\/uploads\/2025\/08\/Medien-23-1-1536x1152.jpg 1536w, https:\/\/kuna-sdg.de\/wp-content\/uploads\/2025\/08\/Medien-23-1.jpg 1600w\" sizes=\"auto, (max-width: 1024px) 100vw, 1024px\" \/><\/figure>\n\n\n\n<figure class=\"wp-block-image size-large\"><img loading=\"lazy\" decoding=\"async\" width=\"1024\" height=\"976\" data-id=\"1714\" src=\"https:\/\/kuna-sdg.de\/wp-content\/uploads\/2025\/08\/WhatsApp-Bild-2025-07-14-um-10.42.32_05945f90-1024x976.jpg\" alt=\"\" class=\"wp-image-1714\" srcset=\"https:\/\/kuna-sdg.de\/wp-content\/uploads\/2025\/08\/WhatsApp-Bild-2025-07-14-um-10.42.32_05945f90-1024x976.jpg 1024w, https:\/\/kuna-sdg.de\/wp-content\/uploads\/2025\/08\/WhatsApp-Bild-2025-07-14-um-10.42.32_05945f90-300x286.jpg 300w, https:\/\/kuna-sdg.de\/wp-content\/uploads\/2025\/08\/WhatsApp-Bild-2025-07-14-um-10.42.32_05945f90-768x732.jpg 768w, https:\/\/kuna-sdg.de\/wp-content\/uploads\/2025\/08\/WhatsApp-Bild-2025-07-14-um-10.42.32_05945f90.jpg 1152w\" sizes=\"auto, (max-width: 1024px) 100vw, 1024px\" \/><\/figure>\n\n\n\n<figure class=\"wp-block-image size-large\"><img loading=\"lazy\" decoding=\"async\" width=\"577\" height=\"1024\" data-id=\"1723\" src=\"https:\/\/kuna-sdg.de\/wp-content\/uploads\/2025\/08\/PHOTO-2025-08-04-21-130-216-577x1024.jpg\" alt=\"\" class=\"wp-image-1723\" srcset=\"https:\/\/kuna-sdg.de\/wp-content\/uploads\/2025\/08\/PHOTO-2025-08-04-21-130-216-577x1024.jpg 577w, https:\/\/kuna-sdg.de\/wp-content\/uploads\/2025\/08\/PHOTO-2025-08-04-21-130-216-169x300.jpg 169w, https:\/\/kuna-sdg.de\/wp-content\/uploads\/2025\/08\/PHOTO-2025-08-04-21-130-216-768x1364.jpg 768w, https:\/\/kuna-sdg.de\/wp-content\/uploads\/2025\/08\/PHOTO-2025-08-04-21-130-216-865x1536.jpg 865w, https:\/\/kuna-sdg.de\/wp-content\/uploads\/2025\/08\/PHOTO-2025-08-04-21-130-216.jpg 1126w\" sizes=\"auto, (max-width: 577px) 100vw, 577px\" \/><\/figure>\n\n\n\n<figure class=\"wp-block-image size-large\"><img loading=\"lazy\" decoding=\"async\" width=\"577\" height=\"1024\" data-id=\"1717\" src=\"https:\/\/kuna-sdg.de\/wp-content\/uploads\/2025\/08\/PHOTO-2025-08-04-21-30-25-577x1024.jpg\" alt=\"\" class=\"wp-image-1717\" srcset=\"https:\/\/kuna-sdg.de\/wp-content\/uploads\/2025\/08\/PHOTO-2025-08-04-21-30-25-577x1024.jpg 577w, https:\/\/kuna-sdg.de\/wp-content\/uploads\/2025\/08\/PHOTO-2025-08-04-21-30-25-169x300.jpg 169w, https:\/\/kuna-sdg.de\/wp-content\/uploads\/2025\/08\/PHOTO-2025-08-04-21-30-25-768x1364.jpg 768w, https:\/\/kuna-sdg.de\/wp-content\/uploads\/2025\/08\/PHOTO-2025-08-04-21-30-25-865x1536.jpg 865w, https:\/\/kuna-sdg.de\/wp-content\/uploads\/2025\/08\/PHOTO-2025-08-04-21-30-25.jpg 1126w\" sizes=\"auto, (max-width: 577px) 100vw, 577px\" \/><\/figure>\n\n\n\n<figure class=\"wp-block-image size-large\"><img loading=\"lazy\" decoding=\"async\" width=\"577\" height=\"1024\" data-id=\"1722\" src=\"https:\/\/kuna-sdg.de\/wp-content\/uploads\/2025\/08\/PHOTO-2025-08-04-21-130-26-577x1024.jpg\" alt=\"\" class=\"wp-image-1722\" srcset=\"https:\/\/kuna-sdg.de\/wp-content\/uploads\/2025\/08\/PHOTO-2025-08-04-21-130-26-577x1024.jpg 577w, https:\/\/kuna-sdg.de\/wp-content\/uploads\/2025\/08\/PHOTO-2025-08-04-21-130-26-169x300.jpg 169w, https:\/\/kuna-sdg.de\/wp-content\/uploads\/2025\/08\/PHOTO-2025-08-04-21-130-26-768x1364.jpg 768w, https:\/\/kuna-sdg.de\/wp-content\/uploads\/2025\/08\/PHOTO-2025-08-04-21-130-26-865x1536.jpg 865w, https:\/\/kuna-sdg.de\/wp-content\/uploads\/2025\/08\/PHOTO-2025-08-04-21-130-26.jpg 1126w\" sizes=\"auto, (max-width: 577px) 100vw, 577px\" \/><\/figure>\n\n\n\n<figure class=\"wp-block-image size-large\"><img loading=\"lazy\" decoding=\"async\" width=\"1024\" height=\"577\" data-id=\"1726\" src=\"https:\/\/kuna-sdg.de\/wp-content\/uploads\/2025\/08\/PHOTO-2025-08-04-21-30-2512-1-1024x577.jpg\" alt=\"\" class=\"wp-image-1726\" srcset=\"https:\/\/kuna-sdg.de\/wp-content\/uploads\/2025\/08\/PHOTO-2025-08-04-21-30-2512-1-1024x577.jpg 1024w, https:\/\/kuna-sdg.de\/wp-content\/uploads\/2025\/08\/PHOTO-2025-08-04-21-30-2512-1-300x169.jpg 300w, https:\/\/kuna-sdg.de\/wp-content\/uploads\/2025\/08\/PHOTO-2025-08-04-21-30-2512-1-768x432.jpg 768w, https:\/\/kuna-sdg.de\/wp-content\/uploads\/2025\/08\/PHOTO-2025-08-04-21-30-2512-1-1536x865.jpg 1536w, https:\/\/kuna-sdg.de\/wp-content\/uploads\/2025\/08\/PHOTO-2025-08-04-21-30-2512-1.jpg 2000w\" sizes=\"auto, (max-width: 1024px) 100vw, 1024px\" \/><\/figure>\n\n\n\n<figure class=\"wp-block-image size-large\"><img loading=\"lazy\" decoding=\"async\" width=\"577\" height=\"1024\" data-id=\"1727\" src=\"https:\/\/kuna-sdg.de\/wp-content\/uploads\/2025\/08\/PHOTO-2025-08-04-21-30-251-1-577x1024.jpg\" alt=\"\" class=\"wp-image-1727\" srcset=\"https:\/\/kuna-sdg.de\/wp-content\/uploads\/2025\/08\/PHOTO-2025-08-04-21-30-251-1-577x1024.jpg 577w, https:\/\/kuna-sdg.de\/wp-content\/uploads\/2025\/08\/PHOTO-2025-08-04-21-30-251-1-169x300.jpg 169w, https:\/\/kuna-sdg.de\/wp-content\/uploads\/2025\/08\/PHOTO-2025-08-04-21-30-251-1-768x1364.jpg 768w, https:\/\/kuna-sdg.de\/wp-content\/uploads\/2025\/08\/PHOTO-2025-08-04-21-30-251-1-865x1536.jpg 865w, https:\/\/kuna-sdg.de\/wp-content\/uploads\/2025\/08\/PHOTO-2025-08-04-21-30-251-1.jpg 1126w\" sizes=\"auto, (max-width: 577px) 100vw, 577px\" \/><\/figure>\n<\/figure>\n\n\n\n<p><\/p>\n","protected":false},"excerpt":{"rendered":"<p>Das Projekt SOFI \u2013 Soziale Partnerschaft f\u00fcr Integration hat zum Ziel, die Teilhabe- und Integrationschancen von Frauen aus den L\u00e4ndern ausserhalb der EU\/EWR zu maximieren. Dabei bietet das Projekt eine konkrete Hilfestellung bei der Eingliederung in die Gesellschaft an, durch flankierende und speziell auf die Zielgruppe ausgerichtete Integrationsangebote. Der Fokus liegt dabei auf der\u00a0Potenzialf\u00f6rderung\u00a0und dem [&hellip;]<\/p>\n","protected":false},"author":1,"featured_media":0,"parent":106,"menu_order":0,"comment_status":"closed","ping_status":"closed","template":"page-templates\/full-width.php","meta":{"footnotes":"","_links_to":"","_links_to_target":""},"class_list":["post-1702","page","type-page","status-publish","hentry"],"blocksy_meta":[],"_links":{"self":[{"href":"https:\/\/kuna-sdg.de\/index.php?rest_route=\/wp\/v2\/pages\/1702","targetHints":{"allow":["GET"]}}],"collection":[{"href":"https:\/\/kuna-sdg.de\/index.php?rest_route=\/wp\/v2\/pages"}],"about":[{"href":"https:\/\/kuna-sdg.de\/index.php?rest_route=\/wp\/v2\/types\/page"}],"author":[{"embeddable":true,"href":"https:\/\/kuna-sdg.de\/index.php?rest_route=\/wp\/v2\/users\/1"}],"replies":[{"embeddable":true,"href":"https:\/\/kuna-sdg.de\/index.php?rest_route=%2Fwp%2Fv2%2Fcomments&post=1702"}],"version-history":[{"count":13,"href":"https:\/\/kuna-sdg.de\/index.php?rest_route=\/wp\/v2\/pages\/1702\/revisions"}],"predecessor-version":[{"id":2416,"href":"https:\/\/kuna-sdg.de\/index.php?rest_route=\/wp\/v2\/pages\/1702\/revisions\/2416"}],"up":[{"embeddable":true,"href":"https:\/\/kuna-sdg.de\/index.php?rest_route=\/wp\/v2\/pages\/106"}],"wp:attachment":[{"href":"https:\/\/kuna-sdg.de\/index.php?rest_route=%2Fwp%2Fv2%2Fmedia&parent=1702"}],"curies":[{"name":"wp","href":"https:\/\/api.w.org\/{rel}","templated":true}]}}