{"id":1740,"date":"2025-08-05T13:03:53","date_gmt":"2025-08-05T13:03:53","guid":{"rendered":"https:\/\/kuna-sdg.de\/?page_id=1740"},"modified":"2026-02-27T13:10:14","modified_gmt":"2026-02-27T13:10:14","slug":"siegen-spricht","status":"publish","type":"page","link":"https:\/\/kuna-sdg.de\/?page_id=1740","title":{"rendered":"Siegen spricht"},"content":{"rendered":"\n<div class=\"wp-block-media-text is-stacked-on-mobile\" style=\"grid-template-columns:46% auto\"><figure class=\"wp-block-media-text__media\"><img loading=\"lazy\" decoding=\"async\" width=\"853\" height=\"687\" src=\"https:\/\/kuna-sdg.de\/wp-content\/uploads\/2025\/08\/Folie1.jpg\" alt=\"\" class=\"wp-image-1763 size-full\" srcset=\"https:\/\/kuna-sdg.de\/wp-content\/uploads\/2025\/08\/Folie1.jpg 853w, https:\/\/kuna-sdg.de\/wp-content\/uploads\/2025\/08\/Folie1-300x242.jpg 300w, https:\/\/kuna-sdg.de\/wp-content\/uploads\/2025\/08\/Folie1-768x619.jpg 768w\" sizes=\"auto, (max-width: 853px) 100vw, 853px\" \/><\/figure><div class=\"wp-block-media-text__content\">\n<p style=\"font-size:clamp(14px, 0.875rem + ((1vw - 3.2px) * 0.156), 16px);\">\u201eSiegen spricht\u201c ist ein Projekt des Vereines KUNA e. V. mit dem Ziel, die sprachliche Diversit\u00e4t der Stadt Siegen sichtbar machen. <\/p>\n\n\n\n<p style=\"font-size:clamp(14px, 0.875rem + ((1vw - 3.2px) * 0.156), 16px);\">Wenn sprachliche Vielfalt sichtbar gemacht wird, entsteht ein Bewusstsein f\u00fcr die Vielfalt menschlicher Lebensweisen. Dies f\u00f6rdert den interkulturellen Dialog und das Verst\u00e4ndnis zwischen verschiedenen Gruppen. Menschen lernen, dass jede Sprache einzigartig ist und ihren eigenen Wert hat, was Vorurteile und sprachliche Diskriminierung abbauen kann. Das Projekt tr\u00e4gt dazu bei, Toleranz, Respekt und Inklusion in multikulturellen Gesellschaften zu st\u00e4rken.<\/p>\n<\/div><\/div>\n\n\n\n<p style=\"font-size:clamp(14px, 0.875rem + ((1vw - 3.2px) * 0.156), 16px);\"><br>In einer globalisierten Welt wird Mehrsprachigkeit immer wichtiger. Das Projekt f\u00f6rdert die Wertsch\u00e4tzung mehrerer Sprachen und st\u00e4rkt die gesellschaftliche Integration und das Verst\u00e4ndnis zwischen verschiedenen Bev\u00f6lkerungsgruppen in Siegen. Menschen, die eine nicht-dominante Sprache sprechen, erleben oft Benachteiligungen im Bildungswesen, am Arbeitsplatz oder im sozialen Leben. \u201eSiegen spricht\u201c r\u00fcckt die sprachliche Vielfalt ins \u00f6ffentliche Bewusstsein und tr\u00e4gt dazu bei, diesen Ungleichheiten entgegenzuwirken.<br>Die Sichtbarmachung sprachlicher Diversit\u00e4t tr\u00e4gt dazu bei, zuk\u00fcnftigen Generationen die M\u00f6glichkeit zu geben, eine reiche und vielf\u00e4ltige kulturelle Landschaft zu erleben. Indem wir Sprachen sch\u00fctzen und f\u00f6rdern, schaffen wir eine Welt, in der unterschiedliche Ausdrucksformen weiterhin existieren und gedeihen k\u00f6nnen. Das Erlernen und Verstehen mehrerer Sprachen f\u00f6rdern nicht nur die kulturelle Kompetenz, sondern auch das Bewusstsein f\u00fcr die globale Verantwortung, die Vielfalt zu bewahren.<\/p>\n\n\n\n<div class=\"wp-block-buttons is-content-justification-center is-layout-flex wp-container-core-buttons-is-layout-a89b3969 wp-block-buttons-is-layout-flex\">\n<div class=\"wp-block-button is-style-outline is-style-outline--1\"><a class=\"wp-block-button__link wp-element-button\" href=\"https:\/\/siegenspricht.de\/\" target=\"_blank\" rel=\"noreferrer noopener\">Hier geht es zu Projektseite.<\/a><\/div>\n<\/div>\n\n\n\n<figure class=\"wp-block-gallery has-nested-images columns-default is-cropped wp-block-gallery-2 is-layout-flex wp-block-gallery-is-layout-flex\">\n<figure class=\"wp-block-image size-large\"><img loading=\"lazy\" decoding=\"async\" width=\"1024\" height=\"747\" data-id=\"1751\" src=\"https:\/\/kuna-sdg.de\/wp-content\/uploads\/2025\/08\/PHOTO-2024-07-30-20-10-02-1024x747.jpg\" alt=\"\" class=\"wp-image-1751\" srcset=\"https:\/\/kuna-sdg.de\/wp-content\/uploads\/2025\/08\/PHOTO-2024-07-30-20-10-02-1024x747.jpg 1024w, https:\/\/kuna-sdg.de\/wp-content\/uploads\/2025\/08\/PHOTO-2024-07-30-20-10-02-300x219.jpg 300w, https:\/\/kuna-sdg.de\/wp-content\/uploads\/2025\/08\/PHOTO-2024-07-30-20-10-02-768x560.jpg 768w, https:\/\/kuna-sdg.de\/wp-content\/uploads\/2025\/08\/PHOTO-2024-07-30-20-10-02-1536x1120.jpg 1536w, https:\/\/kuna-sdg.de\/wp-content\/uploads\/2025\/08\/PHOTO-2024-07-30-20-10-02.jpg 1600w\" sizes=\"auto, (max-width: 1024px) 100vw, 1024px\" \/><\/figure>\n\n\n\n<figure class=\"wp-block-image size-large\"><img loading=\"lazy\" decoding=\"async\" width=\"680\" height=\"1024\" data-id=\"1752\" src=\"https:\/\/kuna-sdg.de\/wp-content\/uploads\/2025\/08\/PHOTO-2024-07-30-20-10-03-1-680x1024.jpg\" alt=\"\" class=\"wp-image-1752\" srcset=\"https:\/\/kuna-sdg.de\/wp-content\/uploads\/2025\/08\/PHOTO-2024-07-30-20-10-03-1-680x1024.jpg 680w, https:\/\/kuna-sdg.de\/wp-content\/uploads\/2025\/08\/PHOTO-2024-07-30-20-10-03-1-199x300.jpg 199w, https:\/\/kuna-sdg.de\/wp-content\/uploads\/2025\/08\/PHOTO-2024-07-30-20-10-03-1-768x1157.jpg 768w, https:\/\/kuna-sdg.de\/wp-content\/uploads\/2025\/08\/PHOTO-2024-07-30-20-10-03-1-1020x1536.jpg 1020w, https:\/\/kuna-sdg.de\/wp-content\/uploads\/2025\/08\/PHOTO-2024-07-30-20-10-03-1.jpg 1062w\" sizes=\"auto, (max-width: 680px) 100vw, 680px\" \/><\/figure>\n\n\n\n<figure class=\"wp-block-image size-large\"><img loading=\"lazy\" decoding=\"async\" width=\"728\" height=\"1024\" data-id=\"1753\" src=\"https:\/\/kuna-sdg.de\/wp-content\/uploads\/2025\/08\/PHOTO-2024-07-30-20-10-03-2-728x1024.jpg\" alt=\"\" class=\"wp-image-1753\" srcset=\"https:\/\/kuna-sdg.de\/wp-content\/uploads\/2025\/08\/PHOTO-2024-07-30-20-10-03-2-728x1024.jpg 728w, https:\/\/kuna-sdg.de\/wp-content\/uploads\/2025\/08\/PHOTO-2024-07-30-20-10-03-2-213x300.jpg 213w, https:\/\/kuna-sdg.de\/wp-content\/uploads\/2025\/08\/PHOTO-2024-07-30-20-10-03-2-768x1081.jpg 768w, https:\/\/kuna-sdg.de\/wp-content\/uploads\/2025\/08\/PHOTO-2024-07-30-20-10-03-2-1092x1536.jpg 1092w, https:\/\/kuna-sdg.de\/wp-content\/uploads\/2025\/08\/PHOTO-2024-07-30-20-10-03-2.jpg 1137w\" sizes=\"auto, (max-width: 728px) 100vw, 728px\" \/><\/figure>\n\n\n\n<figure class=\"wp-block-image size-large\"><img loading=\"lazy\" decoding=\"async\" width=\"742\" height=\"1024\" data-id=\"1754\" src=\"https:\/\/kuna-sdg.de\/wp-content\/uploads\/2025\/08\/PHOTO-2024-07-30-20-10-03-3-742x1024.jpg\" alt=\"\" class=\"wp-image-1754\" srcset=\"https:\/\/kuna-sdg.de\/wp-content\/uploads\/2025\/08\/PHOTO-2024-07-30-20-10-03-3-742x1024.jpg 742w, https:\/\/kuna-sdg.de\/wp-content\/uploads\/2025\/08\/PHOTO-2024-07-30-20-10-03-3-218x300.jpg 218w, https:\/\/kuna-sdg.de\/wp-content\/uploads\/2025\/08\/PHOTO-2024-07-30-20-10-03-3-768x1059.jpg 768w, https:\/\/kuna-sdg.de\/wp-content\/uploads\/2025\/08\/PHOTO-2024-07-30-20-10-03-3-1114x1536.jpg 1114w, https:\/\/kuna-sdg.de\/wp-content\/uploads\/2025\/08\/PHOTO-2024-07-30-20-10-03-3.jpg 1160w\" sizes=\"auto, (max-width: 742px) 100vw, 742px\" \/><\/figure>\n\n\n\n<figure class=\"wp-block-image size-large\"><img loading=\"lazy\" decoding=\"async\" width=\"1024\" height=\"708\" data-id=\"1755\" src=\"https:\/\/kuna-sdg.de\/wp-content\/uploads\/2025\/08\/PHOTO-2024-07-30-20-10-03-4-1024x708.jpg\" alt=\"\" class=\"wp-image-1755\" srcset=\"https:\/\/kuna-sdg.de\/wp-content\/uploads\/2025\/08\/PHOTO-2024-07-30-20-10-03-4-1024x708.jpg 1024w, https:\/\/kuna-sdg.de\/wp-content\/uploads\/2025\/08\/PHOTO-2024-07-30-20-10-03-4-300x208.jpg 300w, https:\/\/kuna-sdg.de\/wp-content\/uploads\/2025\/08\/PHOTO-2024-07-30-20-10-03-4-768x531.jpg 768w, https:\/\/kuna-sdg.de\/wp-content\/uploads\/2025\/08\/PHOTO-2024-07-30-20-10-03-4-1536x1063.jpg 1536w, https:\/\/kuna-sdg.de\/wp-content\/uploads\/2025\/08\/PHOTO-2024-07-30-20-10-03-4.jpg 1600w\" sizes=\"auto, (max-width: 1024px) 100vw, 1024px\" \/><\/figure>\n\n\n\n<figure class=\"wp-block-image size-large\"><img loading=\"lazy\" decoding=\"async\" width=\"1024\" height=\"723\" data-id=\"1756\" src=\"https:\/\/kuna-sdg.de\/wp-content\/uploads\/2025\/08\/PHOTO-2024-07-30-20-10-03-5-1024x723.jpg\" alt=\"\" class=\"wp-image-1756\" srcset=\"https:\/\/kuna-sdg.de\/wp-content\/uploads\/2025\/08\/PHOTO-2024-07-30-20-10-03-5-1024x723.jpg 1024w, https:\/\/kuna-sdg.de\/wp-content\/uploads\/2025\/08\/PHOTO-2024-07-30-20-10-03-5-300x212.jpg 300w, https:\/\/kuna-sdg.de\/wp-content\/uploads\/2025\/08\/PHOTO-2024-07-30-20-10-03-5-768x542.jpg 768w, https:\/\/kuna-sdg.de\/wp-content\/uploads\/2025\/08\/PHOTO-2024-07-30-20-10-03-5-1536x1085.jpg 1536w, https:\/\/kuna-sdg.de\/wp-content\/uploads\/2025\/08\/PHOTO-2024-07-30-20-10-03-5.jpg 1600w\" sizes=\"auto, (max-width: 1024px) 100vw, 1024px\" \/><\/figure>\n\n\n\n<figure class=\"wp-block-image size-large\"><img loading=\"lazy\" decoding=\"async\" width=\"740\" height=\"1024\" data-id=\"1757\" src=\"https:\/\/kuna-sdg.de\/wp-content\/uploads\/2025\/08\/PHOTO-2024-07-30-20-10-03-6-740x1024.jpg\" alt=\"\" class=\"wp-image-1757\" srcset=\"https:\/\/kuna-sdg.de\/wp-content\/uploads\/2025\/08\/PHOTO-2024-07-30-20-10-03-6-740x1024.jpg 740w, https:\/\/kuna-sdg.de\/wp-content\/uploads\/2025\/08\/PHOTO-2024-07-30-20-10-03-6-217x300.jpg 217w, https:\/\/kuna-sdg.de\/wp-content\/uploads\/2025\/08\/PHOTO-2024-07-30-20-10-03-6-768x1063.jpg 768w, https:\/\/kuna-sdg.de\/wp-content\/uploads\/2025\/08\/PHOTO-2024-07-30-20-10-03-6-1110x1536.jpg 1110w, https:\/\/kuna-sdg.de\/wp-content\/uploads\/2025\/08\/PHOTO-2024-07-30-20-10-03-6.jpg 1156w\" sizes=\"auto, (max-width: 740px) 100vw, 740px\" \/><\/figure>\n\n\n\n<figure class=\"wp-block-image size-large\"><img loading=\"lazy\" decoding=\"async\" width=\"772\" height=\"1024\" data-id=\"1758\" src=\"https:\/\/kuna-sdg.de\/wp-content\/uploads\/2025\/08\/PHOTO-2024-07-30-20-10-03-7-772x1024.jpg\" alt=\"\" class=\"wp-image-1758\" srcset=\"https:\/\/kuna-sdg.de\/wp-content\/uploads\/2025\/08\/PHOTO-2024-07-30-20-10-03-7-772x1024.jpg 772w, https:\/\/kuna-sdg.de\/wp-content\/uploads\/2025\/08\/PHOTO-2024-07-30-20-10-03-7-226x300.jpg 226w, https:\/\/kuna-sdg.de\/wp-content\/uploads\/2025\/08\/PHOTO-2024-07-30-20-10-03-7-768x1019.jpg 768w, https:\/\/kuna-sdg.de\/wp-content\/uploads\/2025\/08\/PHOTO-2024-07-30-20-10-03-7-1158x1536.jpg 1158w, https:\/\/kuna-sdg.de\/wp-content\/uploads\/2025\/08\/PHOTO-2024-07-30-20-10-03-7.jpg 1206w\" sizes=\"auto, (max-width: 772px) 100vw, 772px\" \/><\/figure>\n\n\n\n<figure class=\"wp-block-image size-large\"><img loading=\"lazy\" decoding=\"async\" width=\"758\" height=\"1024\" data-id=\"1759\" src=\"https:\/\/kuna-sdg.de\/wp-content\/uploads\/2025\/08\/PHOTO-2024-07-30-20-10-03-758x1024.jpg\" alt=\"\" class=\"wp-image-1759\" srcset=\"https:\/\/kuna-sdg.de\/wp-content\/uploads\/2025\/08\/PHOTO-2024-07-30-20-10-03-758x1024.jpg 758w, https:\/\/kuna-sdg.de\/wp-content\/uploads\/2025\/08\/PHOTO-2024-07-30-20-10-03-222x300.jpg 222w, https:\/\/kuna-sdg.de\/wp-content\/uploads\/2025\/08\/PHOTO-2024-07-30-20-10-03-768x1038.jpg 768w, https:\/\/kuna-sdg.de\/wp-content\/uploads\/2025\/08\/PHOTO-2024-07-30-20-10-03-1137x1536.jpg 1137w, https:\/\/kuna-sdg.de\/wp-content\/uploads\/2025\/08\/PHOTO-2024-07-30-20-10-03.jpg 1184w\" sizes=\"auto, (max-width: 758px) 100vw, 758px\" \/><\/figure>\n<\/figure>\n\n\n\n<p><\/p>\n","protected":false},"excerpt":{"rendered":"<p>\u201eSiegen spricht\u201c ist ein Projekt des Vereines KUNA e. V. mit dem Ziel, die sprachliche Diversit\u00e4t der Stadt Siegen sichtbar machen. Wenn sprachliche Vielfalt sichtbar gemacht wird, entsteht ein Bewusstsein f\u00fcr die Vielfalt menschlicher Lebensweisen. Dies f\u00f6rdert den interkulturellen Dialog und das Verst\u00e4ndnis zwischen verschiedenen Gruppen. Menschen lernen, dass jede Sprache einzigartig ist und ihren [&hellip;]<\/p>\n","protected":false},"author":1,"featured_media":0,"parent":106,"menu_order":0,"comment_status":"closed","ping_status":"closed","template":"page-templates\/full-width.php","meta":{"footnotes":"","_links_to":"","_links_to_target":""},"class_list":["post-1740","page","type-page","status-publish","hentry"],"blocksy_meta":[],"_links":{"self":[{"href":"https:\/\/kuna-sdg.de\/index.php?rest_route=\/wp\/v2\/pages\/1740","targetHints":{"allow":["GET"]}}],"collection":[{"href":"https:\/\/kuna-sdg.de\/index.php?rest_route=\/wp\/v2\/pages"}],"about":[{"href":"https:\/\/kuna-sdg.de\/index.php?rest_route=\/wp\/v2\/types\/page"}],"author":[{"embeddable":true,"href":"https:\/\/kuna-sdg.de\/index.php?rest_route=\/wp\/v2\/users\/1"}],"replies":[{"embeddable":true,"href":"https:\/\/kuna-sdg.de\/index.php?rest_route=%2Fwp%2Fv2%2Fcomments&post=1740"}],"version-history":[{"count":13,"href":"https:\/\/kuna-sdg.de\/index.php?rest_route=\/wp\/v2\/pages\/1740\/revisions"}],"predecessor-version":[{"id":1766,"href":"https:\/\/kuna-sdg.de\/index.php?rest_route=\/wp\/v2\/pages\/1740\/revisions\/1766"}],"up":[{"embeddable":true,"href":"https:\/\/kuna-sdg.de\/index.php?rest_route=\/wp\/v2\/pages\/106"}],"wp:attachment":[{"href":"https:\/\/kuna-sdg.de\/index.php?rest_route=%2Fwp%2Fv2%2Fmedia&parent=1740"}],"curies":[{"name":"wp","href":"https:\/\/api.w.org\/{rel}","templated":true}]}}