{"id":190,"date":"2023-10-05T10:00:59","date_gmt":"2023-10-05T10:00:59","guid":{"rendered":"http:\/\/kuna-sdg.de\/?page_id=190"},"modified":"2024-01-08T07:03:17","modified_gmt":"2024-01-08T07:03:17","slug":"foerdern","status":"publish","type":"page","link":"https:\/\/kuna-sdg.de\/?page_id=190","title":{"rendered":"F\u00f6rdern"},"content":{"rendered":"\n<p><br>Wir wollen, dass jeder unabh\u00e4ngig von seinem Einkommen und sozialem Status am Vereinsleben von KUNA e. V. teilnehmen kann. Aus diesem Grund erheben wir keine Mitgliedsbeitr\u00e4ge.<\/p>\n\n\n\n<p>Unsere Welt ist gepr\u00e4gt von der dringenden Notwendigkeit, nachhaltig zu leben und die kulturelle Vielfalt friedvoll zu erleben. M\u00f6chten Sie einen unmittelbaren und bedeutungsvollen Einfluss auf die F\u00f6rderung von Kultur und Nachhaltigkeit haben? Dann ist es an der Zeit, Ihre Gro\u00dfz\u00fcgigkeit zu zeigen und unsere Mission zu unterst\u00fctzen!<\/p>\n\n\n\n<p><strong>Ihre Spenden machen den Unterschied!<\/strong><\/p>\n\n\n\n<p>Ob gro\u00df oder klein, jede Spende z\u00e4hlt und tr\u00e4gt dazu bei, unsere Gesellschaft zu einem besseren Ort zu machen. Ihre Unterst\u00fctzung erm\u00f6glicht es uns, kulturelle Veranstaltungen zu organisieren, Bildungsmaterialien bereitzustellen, Umweltschutzprojekte voranzutreiben und vieles mehr.<\/p>\n\n\n\n<p>Mit Ihren Spenden werden Sie zum Gestalter von Ver\u00e4nderungen und zur Quelle der Inspiration f\u00fcr kommende Generationen. Ihre Gro\u00dfz\u00fcgigkeit ebnet den Weg f\u00fcr eine Welt, in der Kultur und Nachhaltigkeit Hand in Hand gehen.<\/p>\n\n\n\n<p><strong>Beteiligen Sie sich an unserer Mission &#8211; spenden Sie heute!<\/strong><\/p>\n\n\n\n<p>Ihre Unterst\u00fctzung ist der Schl\u00fcssel zu einer lebendigen, kulturell reichen und nachhaltigen Zukunft. Machen Sie den Unterschied, indem Sie jetzt spenden und gemeinsam mit uns eine Welt formen, auf die wir stolz sein k\u00f6nnen.<\/p>\n\n\n\n<p><strong>Unser Spendekonto:<\/strong><\/p>\n\n\n\n<h6 class=\"wp-block-heading\">Kontoinhaber: KUNA&nbsp; e.V.<\/h6>\n\n\n\n<h6 class=\"wp-block-heading\">Bank: Sparkasse Siegen, Morleystrasse 2, 57072 Siegen<\/h6>\n\n\n\n<h6 class=\"wp-block-heading\">IBAN: DE63 4605 0001 0001 2971 18<\/h6>\n\n\n\n<h6 class=\"wp-block-heading\">BIC: WELADED1SIE<\/h6>\n\n\n\n<p><br><\/p>\n","protected":false},"excerpt":{"rendered":"<p>Wir wollen, dass jeder unabh\u00e4ngig von seinem Einkommen und sozialem Status am Vereinsleben von KUNA e. V. teilnehmen kann. Aus diesem Grund erheben wir keine Mitgliedsbeitr\u00e4ge. Unsere Welt ist gepr\u00e4gt von der dringenden Notwendigkeit, nachhaltig zu leben und die kulturelle Vielfalt friedvoll zu erleben. M\u00f6chten Sie einen unmittelbaren und bedeutungsvollen Einfluss auf die F\u00f6rderung von [&hellip;]<\/p>\n","protected":false},"author":1,"featured_media":0,"parent":186,"menu_order":0,"comment_status":"closed","ping_status":"closed","template":"page-templates\/full-width.php","meta":{"footnotes":"","_links_to":"","_links_to_target":""},"class_list":["post-190","page","type-page","status-publish","hentry"],"blocksy_meta":[],"_links":{"self":[{"href":"https:\/\/kuna-sdg.de\/index.php?rest_route=\/wp\/v2\/pages\/190","targetHints":{"allow":["GET"]}}],"collection":[{"href":"https:\/\/kuna-sdg.de\/index.php?rest_route=\/wp\/v2\/pages"}],"about":[{"href":"https:\/\/kuna-sdg.de\/index.php?rest_route=\/wp\/v2\/types\/page"}],"author":[{"embeddable":true,"href":"https:\/\/kuna-sdg.de\/index.php?rest_route=\/wp\/v2\/users\/1"}],"replies":[{"embeddable":true,"href":"https:\/\/kuna-sdg.de\/index.php?rest_route=%2Fwp%2Fv2%2Fcomments&post=190"}],"version-history":[{"count":12,"href":"https:\/\/kuna-sdg.de\/index.php?rest_route=\/wp\/v2\/pages\/190\/revisions"}],"predecessor-version":[{"id":1095,"href":"https:\/\/kuna-sdg.de\/index.php?rest_route=\/wp\/v2\/pages\/190\/revisions\/1095"}],"up":[{"embeddable":true,"href":"https:\/\/kuna-sdg.de\/index.php?rest_route=\/wp\/v2\/pages\/186"}],"wp:attachment":[{"href":"https:\/\/kuna-sdg.de\/index.php?rest_route=%2Fwp%2Fv2%2Fmedia&parent=190"}],"curies":[{"name":"wp","href":"https:\/\/api.w.org\/{rel}","templated":true}]}}