{"id":2362,"date":"2026-03-01T14:46:43","date_gmt":"2026-03-01T14:46:43","guid":{"rendered":"https:\/\/kuna-sdg.de\/?page_id=2362"},"modified":"2026-04-17T12:51:21","modified_gmt":"2026-04-17T12:51:21","slug":"bildungsverstaendnis","status":"publish","type":"page","link":"https:\/\/kuna-sdg.de\/?page_id=2362","title":{"rendered":"Bildungsverst\u00e4ndnis"},"content":{"rendered":"\n<p>Das Bildungsverst\u00e4ndnis von KUNA e.V. ist auf Transformationskompetenz ausgerichtet. Es geht nicht nur um Wissensaufbau, sondern um die F\u00e4higkeit, komplexe Situationen zu verstehen, Entscheidungen zu reflektieren und verantwortungsf\u00e4hig zu handeln. Nachhaltige Entwicklung ist gepr\u00e4gt von Zielkonflikten, Unsicherheiten und unterschiedlichen Interessen. Bildung, die hierf\u00fcr wirksam sein soll, muss Menschen und Organisationen bef\u00e4higen, mit Ambivalenz umzugehen, Perspektiven zu integrieren und handlungsf\u00e4hig zu bleiben.<\/p>\n\n\n\n<div class=\"wp-block-stackable-image alignleft stk-block-image stk-block stk-c629922\" data-block-id=\"c629922\"><style>.stk-c629922 .stk-img-wrapper{width:619px !important;}<\/style><figure><span class=\"stk-img-wrapper stk-image--shape-stretch\"><img loading=\"lazy\" decoding=\"async\" class=\"stk-img wp-image-2363\" src=\"https:\/\/kuna-sdg.de\/wp-content\/uploads\/2026\/03\/Bildungsverstaendnis.png\" width=\"840\" height=\"560\" srcset=\"https:\/\/kuna-sdg.de\/wp-content\/uploads\/2026\/03\/Bildungsverstaendnis.png 840w, https:\/\/kuna-sdg.de\/wp-content\/uploads\/2026\/03\/Bildungsverstaendnis-300x200.png 300w, https:\/\/kuna-sdg.de\/wp-content\/uploads\/2026\/03\/Bildungsverstaendnis-768x512.png 768w\" sizes=\"auto, (max-width: 840px) 100vw, 840px\" \/><\/span><\/figure><\/div>\n\n\n\n<p><br>Der p\u00e4dagogische Ansatz verbindet drei Ebenen: fachliche Orientierung (Was ist das Thema? Welche Zusammenh\u00e4nge sind relevant?), reflexive Orientierung (Welche Werte, Annahmen und Pr\u00e4gungen beeinflussen Wahrnehmung und Entscheidungen?) und soziale Orientierung (Wie entsteht Kooperation, Dialogf\u00e4higkeit und gemeinsame Handlungsf\u00e4higkeit?). KUNA e.V. w\u00e4hlt Methoden so, dass diese Ebenen in einem sinnvollen Verh\u00e4ltnis stehen und die jeweiligen Zielgruppen nicht \u00fcber- oder unterfordern.<br>Didaktisch setzt KUNA e.V. auf dialogorientierte, partizipative und erfahrungsbasierte Lernsettings. Dialogorientierung bedeutet: Inhalte werden nicht nur pr\u00e4sentiert, sondern im Austausch bearbeitet; unterschiedliche Perspektiven werden als Lernressource genutzt. Partizipation bedeutet: Teilnehmende werden nicht als Adressaten, sondern als Mitgestaltende verstanden; Beteiligungsformen werden strukturell eingebaut. Erfahrungsbasiert bedeutet: Lernen kn\u00fcpft an reale Situationen, Fallbeispiele, Orte und Handlungen an; Transfer wird aktiv unterst\u00fctzt.<br><\/p>\n\n\n\n<p><\/p>\n\n\n\n<p>Wichtig ist die Anschlussf\u00e4higkeit: Bildungsangebote m\u00fcssen f\u00fcr sehr unterschiedliche Zielgruppen funktionieren, von zivilgesellschaftlichen Akteuren bis zu institutionellen Partnern. KUNA e.V. arbeitet daher mit klaren Lernzielen, transparenten Formatlogiken und geeigneten Dokumentationsformen. Wo sinnvoll, werden Ergebnisse in Materialien, Prozessdokumentationen oder Handreichungen \u00fcberf\u00fchrt, um Wirkung \u00fcber den Moment hinaus zu erm\u00f6glichen.<\/p>\n","protected":false},"excerpt":{"rendered":"<p>Das Bildungsverst\u00e4ndnis von KUNA e.V. ist auf Transformationskompetenz ausgerichtet. Es geht nicht nur um Wissensaufbau, sondern um die F\u00e4higkeit, komplexe Situationen zu verstehen, Entscheidungen zu reflektieren und verantwortungsf\u00e4hig zu handeln. Nachhaltige Entwicklung ist gepr\u00e4gt von Zielkonflikten, Unsicherheiten und unterschiedlichen Interessen. Bildung, die hierf\u00fcr wirksam sein soll, muss Menschen und Organisationen bef\u00e4higen, mit Ambivalenz umzugehen, Perspektiven [&hellip;]<\/p>\n","protected":false},"author":1,"featured_media":0,"parent":0,"menu_order":0,"comment_status":"closed","ping_status":"closed","template":"","meta":{"footnotes":"","_links_to":"","_links_to_target":""},"class_list":["post-2362","page","type-page","status-publish","hentry"],"blocksy_meta":[],"_links":{"self":[{"href":"https:\/\/kuna-sdg.de\/index.php?rest_route=\/wp\/v2\/pages\/2362","targetHints":{"allow":["GET"]}}],"collection":[{"href":"https:\/\/kuna-sdg.de\/index.php?rest_route=\/wp\/v2\/pages"}],"about":[{"href":"https:\/\/kuna-sdg.de\/index.php?rest_route=\/wp\/v2\/types\/page"}],"author":[{"embeddable":true,"href":"https:\/\/kuna-sdg.de\/index.php?rest_route=\/wp\/v2\/users\/1"}],"replies":[{"embeddable":true,"href":"https:\/\/kuna-sdg.de\/index.php?rest_route=%2Fwp%2Fv2%2Fcomments&post=2362"}],"version-history":[{"count":2,"href":"https:\/\/kuna-sdg.de\/index.php?rest_route=\/wp\/v2\/pages\/2362\/revisions"}],"predecessor-version":[{"id":2659,"href":"https:\/\/kuna-sdg.de\/index.php?rest_route=\/wp\/v2\/pages\/2362\/revisions\/2659"}],"wp:attachment":[{"href":"https:\/\/kuna-sdg.de\/index.php?rest_route=%2Fwp%2Fv2%2Fmedia&parent=2362"}],"curies":[{"name":"wp","href":"https:\/\/api.w.org\/{rel}","templated":true}]}}