{"id":2373,"date":"2026-03-01T14:59:50","date_gmt":"2026-03-01T14:59:50","guid":{"rendered":"https:\/\/kuna-sdg.de\/?page_id=2373"},"modified":"2026-04-20T11:38:38","modified_gmt":"2026-04-20T11:38:38","slug":"forschung-und-wissensarbeit","status":"publish","type":"page","link":"https:\/\/kuna-sdg.de\/?page_id=2373","title":{"rendered":"Forschung und Wissensarbeit"},"content":{"rendered":"\n<figure class=\"wp-block-image size-large is-resized\"><img loading=\"lazy\" decoding=\"async\" width=\"900\" height=\"600\" src=\"https:\/\/kuna-sdg.de\/wp-content\/uploads\/2026\/03\/Forschung-und-Wissensarbeit.png\" alt=\"\" class=\"wp-image-2374\" style=\"width:760px;height:auto\" srcset=\"https:\/\/kuna-sdg.de\/wp-content\/uploads\/2026\/03\/Forschung-und-Wissensarbeit.png 900w, https:\/\/kuna-sdg.de\/wp-content\/uploads\/2026\/03\/Forschung-und-Wissensarbeit-300x200.png 300w, https:\/\/kuna-sdg.de\/wp-content\/uploads\/2026\/03\/Forschung-und-Wissensarbeit-768x512.png 768w\" sizes=\"auto, (max-width: 900px) 100vw, 900px\" \/><\/figure>\n\n\n\n<p>Forschung und Wissensarbeit sind bei KUNA e.V. Bestandteil der Qualit\u00e4tssicherung und der konzeptionellen Weiterentwicklung. Der Verein versteht Wissensarbeit nicht als akademische Nebent\u00e4tigkeit, sondern als systematische Praxis, die Erkenntnisse aus Projekten und Bildungsformaten b\u00fcndelt, reflektiert und f\u00fcr weitere Kontexte nutzbar macht.<br>Ein Kern der Wissensarbeit ist die Verbindung von Praxis und Theorie. Projekte und Formate liefern Erfahrungswissen: Was funktioniert unter welchen Bedingungen? Welche Zielgruppen werden erreicht? Welche Faktoren f\u00f6rdern oder hemmen Wirkung? Diese Erkenntnisse werden strukturiert dokumentiert und mit fachlichen Diskursen aus BNE, Erwachsenenbildung, kultureller Bildung, Transformationsforschung und interkultureller Zusammenarbeit in Beziehung gesetzt. So entstehen konzeptionelle Beitr\u00e4ge, die sowohl interne Lernprozesse st\u00fctzen als auch extern anschlussf\u00e4hig sind.<br>Wissensarbeit umfasst je nach Vorhaben Analysen, Fachbeitr\u00e4ge, Konzeptpapiere, Dokumentationen, Evaluationen oder Publikationen. Entscheidend ist, dass Ergebnisse nicht im Projektabschluss verschwinden, sondern als Materialien, Erkenntnisse oder Empfehlungen weiterverwendbar sind. Das erh\u00f6ht die Wirkung, erleichtert Anschlussprojekte und st\u00e4rkt die Transparenz gegen\u00fcber F\u00f6rdermittelgebern. Zugleich unterst\u00fctzt die Forschungs- und Wissensarbeit die Profilbildung: Sie zeigt, dass KUNA e.V. nicht nur umsetzt, sondern auch begr\u00fcndet, reflektiert und weiterentwickelt. F\u00fcr Ministerien und F\u00f6rderinstitutionen ist genau das ein relevantes Signal f\u00fcr Professionalit\u00e4t, Belastbarkeit und Kooperationsf\u00e4higkeit.<\/p>\n","protected":false},"excerpt":{"rendered":"<p>Forschung und Wissensarbeit sind bei KUNA e.V. Bestandteil der Qualit\u00e4tssicherung und der konzeptionellen Weiterentwicklung. Der Verein versteht Wissensarbeit nicht als akademische Nebent\u00e4tigkeit, sondern als systematische Praxis, die Erkenntnisse aus Projekten und Bildungsformaten b\u00fcndelt, reflektiert und f\u00fcr weitere Kontexte nutzbar macht.Ein Kern der Wissensarbeit ist die Verbindung von Praxis und Theorie. Projekte und Formate liefern Erfahrungswissen: [&hellip;]<\/p>\n","protected":false},"author":1,"featured_media":0,"parent":0,"menu_order":0,"comment_status":"closed","ping_status":"closed","template":"","meta":{"footnotes":"","_links_to":"","_links_to_target":""},"class_list":["post-2373","page","type-page","status-publish","hentry"],"blocksy_meta":[],"_links":{"self":[{"href":"https:\/\/kuna-sdg.de\/index.php?rest_route=\/wp\/v2\/pages\/2373","targetHints":{"allow":["GET"]}}],"collection":[{"href":"https:\/\/kuna-sdg.de\/index.php?rest_route=\/wp\/v2\/pages"}],"about":[{"href":"https:\/\/kuna-sdg.de\/index.php?rest_route=\/wp\/v2\/types\/page"}],"author":[{"embeddable":true,"href":"https:\/\/kuna-sdg.de\/index.php?rest_route=\/wp\/v2\/users\/1"}],"replies":[{"embeddable":true,"href":"https:\/\/kuna-sdg.de\/index.php?rest_route=%2Fwp%2Fv2%2Fcomments&post=2373"}],"version-history":[{"count":2,"href":"https:\/\/kuna-sdg.de\/index.php?rest_route=\/wp\/v2\/pages\/2373\/revisions"}],"predecessor-version":[{"id":2762,"href":"https:\/\/kuna-sdg.de\/index.php?rest_route=\/wp\/v2\/pages\/2373\/revisions\/2762"}],"wp:attachment":[{"href":"https:\/\/kuna-sdg.de\/index.php?rest_route=%2Fwp%2Fv2%2Fmedia&parent=2373"}],"curies":[{"name":"wp","href":"https:\/\/api.w.org\/{rel}","templated":true}]}}